 - w = 841. Is k composite?
True
Let v = -229 - -1. Is 6 + -9 - (2 + v) composite?
False
Suppose x - 3*b = 1274, 55*x - 3810 = 52*x - 3*b. Is x composite?
True
Let h(c) = -2*c**2 + 16*c - 6. Let l be h(-6). Let k = 733 - l. Is k a composite number?
False
Let m(s) = -2658*s + 461. Is m(-17) composite?
True
Let u = 2783 - 2446. Is u a composite number?
False
Let h(g) = g**2 - 2*g - 1. Let l be (9 - 2) + -2 + -2. Let s be h(l). Is (1 - 509)*s/(-8) composite?
False
Let n(h) = 18*h**2 - 8*h + 13. Let r(c) = -54*c**2 + 23*c - 38. Let u = 31 + -37. Let k(v) = u*r(v) - 17*n(v). Is k(4) a composite number?
True
Is (-8)/(-84) + 309914/42 prime?
False
Let i = 15475 + -10512. Is i a composite number?
True
Let x = 86 - -3279. Is x a prime number?
False
Let o(d) = -740*d + 277. Is o(-9) prime?
False
Let p(l) = 9*l**2 - 2*l - 3. Suppose 4*z = 2*z + 16. Let q be p(z). Suppose -2*b = 8, 3*x - 308 = b + q. Is x composite?
True
Let g be (0 + 39)*(-98)/6. Let q = -378 - g. Is q composite?
True
Let m be -5*((-36)/(-15) - 2)*-1. Let a be 2/(-6) - (-1570)/(-6). Is -2 + (m - 3) - a a prime number?
False
Suppose 2*p = 9*p - 14. Suppose 2*v + k - 926 = 0, 0 = 5*v + p*k - 3134 + 819. Is v a composite number?
False
Is (-48)/8 + 11663*1 prime?
True
Suppose -2*o = -3*s - 3*o - 10, 3*s = -5*o - 14. Let x = s + 3. Suppose 4*v - y - 1169 = 0, x = -5*v - 0*v + 5*y + 1450. Is v composite?
False
Let c(i) = i**3 - i - 2. Let w be c(2). Let s be 3 + 2*(20/(-8) - -3). Suppose -3*n - 145 = -w*h, -3*h = -4*h + s*n + 33. Is h composite?
False
Let l be (-2)/2 + -1 - -7294. Suppose 0 = -6*v + 10*v - l. Is v prime?
True
Let j = 23 + -17. Is (-5)/3 - (-544)/j a prime number?
True
Let o be 8/32 - (-1982)/8. Suppose 757 + o = -k - x, 0 = 4*k + 2*x + 4030. Is 8/16 - k/4 prime?
False
Let i(c) be the third derivative of c**5/12 - c**4/12 - c**3/6 - 13*c**2. Let u be i(-1). Is (-1*u)/((-4)/22) composite?
True
Suppose 3*s + 3*z + 0*z - 1485 = 0, 4*s + 2*z = 1976. Is s a prime number?
False
Let v be (-3)/(0 + (0 - 1)). Let r be v/7 + (-162)/(-63). Suppose -2*m + 1315 = r*m. Is m a composite number?
False
Is 2/19 + (-2716630)/(-266) a composite number?
True
Let b(p) = p**3 + 7*p**2 + 8*p + 14. Let t be b(-6). Suppose 0 = -g + 4*c + 1829, -4*c - 1848 = -t*g + 1822. Is g a composite number?
True
Let y(r) = r**3 + 42*r**2 + 76*r + 31. Is y(-40) a prime number?
True
Let u(k) = -k**3 - 7*k**2 - 3*k - 8. Let s be u(-7). Suppose -6124 = s*x - 17*x. Is x a prime number?
True
Suppose 0 = 4*d - 22 + 2. Suppose 3*k = -d*y + k + 3853, 5*k = 5*y - 3825. Is y composite?
False
Let z(v) = -6*v + 1 + 9*v - 5*v + 18*v**2. Suppose 2*u + s = 9, -4*u = -0*s - 2*s + 2. Is z(u) a prime number?
False
Let f(j) = 4*j - 26. Let u(q) = 3*q - 26. Let l(p) = 5*f(p) - 6*u(p). Let v be l(-11). Is v - (-1 - -4 - 18) a prime number?
True
Let s = 1117 + 48334. Is s prime?
True
Let b = -56873 - -118635. Is b a prime number?
False
Let c(b) = b**3 - b**2 + b + 1. Let d(h) = 6*h**3 + 8*h**2 + 9*h + 16 - 5*h**2 + 9*h**2. Let s(l) = -5*c(l) + d(l). Is s(-9) a prime number?
False
Suppose 0 = 4*o + 2*a - 2, 4*o + 12 = o + 3*a. Is o/(1 - (-822)/(-821)) a composite number?
False
Let r = 26 - 13. Let y = -11 + r. Is (-3)/(-6) + 157/y a prime number?
True
Let b(l) = 13*l**2 - 13*l - l**3 + 16 - 13*l**2 + 13*l**2. Let v be 1*11*(-61 - -62). Is b(v) prime?
False
Let o = -1682 - -9343. Is o a composite number?
True
Let k(v) = -15 - 5*v + 0*v - 23 - 1. Suppose -4*c - 55 - 17 = 0. Is k(c) a composite number?
True
Suppose -7*a = -16 + 79. Is 12/a*2*4203/(-12) a prime number?
False
Suppose 0 = 2*m - 10, c + m - 5 = -2*m. Let i = -5 - c. Suppose 677 = i*n - 1388. Is n a composite number?
True
Let k(y) = -27*y**3 + 5*y**2 + y - 13. Let u be k(3). Let w(j) = -7*j**2 - 8*j + 3. Let t be w(6). Let h = t - u. Is h a composite number?
False
Is 0 - 0 - (-15811)/1 a prime number?
False
Let n = -3279 - -5546. Is n composite?
False
Let p(q) = -q + 4. Let i be p(-5). Suppose 0 = -i*b - b + 23630. Is b a composite number?
True
Let q be ((-12)/(-20))/(1/5). Let o(x) = x**2 - 2*x. Let k be o(q). Suppose 108 = k*z + c - 4*c, -172 = -5*z + c. Is z composite?
True
Is 3622/12*(10 + (-8)/2) prime?
True
Suppose 5*j + 2*d - 10 - 16 = 0, -d = 4*j - 19. Suppose -l + 119 = -2*m - 28, j*m - 451 = -3*l. Is l a prime number?
True
Suppose 7*f - f + 42 = 0. Let m(d) = -4*d**3 + 11*d**2 - 2*d - 15. Let k(q) = 3*q**3 - 7*q**2 + q + 10. Let o(i) = f*k(i) - 5*m(i). Is o(-9) prime?
False
Suppose m - 981 = -5*s, 0*s = -s - 3*m + 199. Let z = 305 - s. Is z a prime number?
True
Let u(p) = 111*p**2 - 2*p + 3. Let c be u(-4). Suppose -h - 520 = -c. Is h composite?
True
Let d be 4391 + (3 - 2) + 4. Let p = d + -2837. Is p a prime number?
True
Let a be -8*((-20)/(-8))/(-5). Suppose -a*c = -1539 + 103. Is c a composite number?
False
Let f = 1929 - 988. Let t = f + 420. Is t a composite number?
False
Is ((-1776050)/(-225))/((-2)/(-9)) composite?
False
Suppose 0 = -v - 2*z + 14895, -z - 22125 = -5*v + 52394. Is v prime?
False
Let z = 16 + -31. Is 393/(-2)*10/z a prime number?
True
Suppose -2*s + 5*k - 1152 = -6*s, 5*s = 4*k + 1399. Let r = 974 - s. Is r prime?
True
Let u = 19 - 36. Let s = -14 - u. Suppose 0*v + 879 = s*v. Is v a prime number?
True
Let h(v) = -v - 2. Let q be h(-6). Suppose 0 = c + q*c + 15. Let d = c + 54. Is d prime?
False
Let q = 4602 + -2515. Let n = -1168 + q. Is n prime?
True
Suppose 4*k - i = 37962 + 31631, -2*k - 4*i + 34810 = 0. Is k a composite number?
True
Is 2/20 + (-489159)/(-610) a prime number?
False
Let m(q) = -929*q + 280. Is m(-23) prime?
True
Suppose 83375 - 286188 = -13*h. Is h prime?
True
Let a = 67195 + -36056. Is a prime?
True
Suppose 0*k - 336071 = -31*k. Is k a composite number?
True
Is (9 - (-27022)/8) + (-6)/8 composite?
True
Let n = -768 + 1001. Is n a composite number?
False
Suppose -4*v + 9024 = 2*p - 4666, 4*p + 4*v = 27384. Is p a prime number?
False
Suppose -3*h = -3*j - 3, -5*h - 18 = 3*j + 1. Let m(c) be the second derivative of 19*c**4/6 + c**3 + 3*c**2/2 - c + 64. Is m(h) prime?
False
Let k be -1 + 2 + -2915 - 1. Suppose -13608 - 2616 = 8*t. Let z = t - k. Is z a composite number?
False
Let o(c) = -2*c**3 - 7*c**2 + 3*c + 17. Is o(-15) a prime number?
True
Let m(z) = z - 6. Let t be m(8). Let x(n) = 24*n + 5. Is x(t) prime?
True
Suppose 14 = 3*p + 2, -36 = -4*g - 5*p. Suppose -2*b + 1039 = 6*h - h, 2*b = -g*h + 830. Is h a prime number?
False
Let y = 56 + -48. Suppose -4*h = 4*n - 580, 4*h = y*h - 4*n - 564. Is h composite?
True
Let o be -4 + (-2 - (-5 + 3)). Let u(a) = -7*a**3 - 2*a**2 + 3*a + 5. Is u(o) a prime number?
True
Suppose x - 94623 = -4*a - 30560, 0 = -2*a - 3*x + 32039. Let y = a + -7956. Is y a composite number?
False
Is ((-8108)/(-10))/(5/25) a composite number?
True
Let q(r) = r**3 + 6*r**2 - 7*r - 4. Let y be q(-8). Let w = y - -166. Suppose 4*k - w = 58. Is k prime?
True
Let j = -8446 + 17735. Is j composite?
True
Suppose 5*b + 7631 = 33676. Is b composite?
False
Suppose 18302 = -94*y + 96*y. Is y composite?
False
Let o = -106 - -105. Is 2 - (4 - -485)/o prime?
True
Let a(z) = z**3 + z**2 + 2*z + 5077. Is a(0) prime?
True
Suppose -3*l + j = -24, -3*j - 37 = -l - 3*l. Let p = l - 3. Suppose -p*v + 23 = -333. Is v a prime number?
True
Let d = 27 + -25. Suppose d*h + 228 = 1510. Is h prime?
True
Let i(j) = j**2 - 6*j - 3. Let c be i(6). Let y be (-2)/1 - c*1. Is (3 - y)/((-8)/(-12)) composite?
False
Let j be 24/(-20)*(-10)/3. Suppose j*s = 1266 - 454. Is s composite?
True
Is 26/(-195) + 5374/30 composite?
False
Let l be ((-5)/10)/((-1)/40). Suppose -5 = -h, 3*w + h - 2 + 6 = 0. Is 3305/l + w/(-4) composite?
True
Suppose 4*k - 6823 = -5*s, 1551 = 4*s + 5*k - 3902. Suppose 3*w + s = 5006. Is w a composite number?
False
Suppose 0 = 3*q + 3*u - 3, 4*q - 4*u - 15 - 5 = 0. Suppose 4*d + 3*f - 1463 = 0, 2*d + q*d + f - 1815 = 0. Is d composite?
True
Let k(v) = 147*v - 2. Let w(q) = -q - 1. Let u(c) = k(c) - 6*w(c). Let j be u(13). Let o = -1106 + j. Is o a prime number?
True
Suppose 27120 = -16*y + 19*y + 3*f, 4*f = y - 9045. Is y a prime number?
True
Let x(k) be the second derivative of 0 - 7*k + 7/2*k**2 - 3/2*k**3. Is x(-8) composite?
False
Let b(g) = -g**3 - 2*g**2 + 12*g + 26. Suppose 5*t - 3*v = -35, 0 = 3*v - 2*v. Is b(t)